{"id":4057,"date":"2019-09-09T19:17:28","date_gmt":"2019-09-09T18:17:28","guid":{"rendered":"https:\/\/www.makroudhkairouan.tn\/?post_type=product&#038;p=4057"},"modified":"2026-02-07T02:09:18","modified_gmt":"2026-02-07T01:09:18","slug":"makroudh-light-pistache-four-sans","status":"publish","type":"product","link":"https:\/\/www.makroudhkairouan.tn\/index.php\/produit\/makroudh-light-pistache-four-sans\/","title":{"rendered":"Makroudh Light Pistache Four sans"},"content":{"rendered":"<p>Makroudh Pistache cuit au four sans sucre avec semoule huile d&rsquo;olive et sman<\/p>\n","protected":false},"excerpt":{"rendered":"<p>1 KG<\/p>\n","protected":false},"featured_media":4058,"comment_status":"closed","ping_status":"closed","template":"","meta":{"spay_email":""},"product_cat":[39],"product_tag":[],"yoast_head":"<!-- This site is optimized with the Yoast SEO plugin v18.1 - https:\/\/yoast.com\/wordpress\/plugins\/seo\/ -->\n<title>Makroudh Light Pistache Four sans - Makroudh Kairouan \u00e0 Domicile<\/title>\n<meta name=\"description\" content=\"Makroudh Pistache cuit au four sans sucre avec semoule huile d&#039;olive et sman\" \/>\n<meta name=\"robots\" content=\"index, follow, max-snippet:-1, max-image-preview:large, max-video-preview:-1\" \/>\n<link rel=\"canonical\" href=\"https:\/\/www.makroudhkairouan.tn\/index.php\/produit\/makroudh-light-pistache-four-sans\/\" \/>\n<meta property=\"og:locale\" content=\"fr_FR\" \/>\n<meta property=\"og:type\" content=\"article\" \/>\n<meta property=\"og:title\" content=\"Makroudh Light Pistache Four sans - Makroudh Kairouan \u00e0 Domicile\" \/>\n<meta property=\"og:description\" content=\"Makroudh Pistache cuit au four sans sucre avec semoule huile d&#039;olive et sman\" \/>\n<meta property=\"og:url\" content=\"https:\/\/www.makroudhkairouan.tn\/index.php\/produit\/makroudh-light-pistache-four-sans\/\" \/>\n<meta property=\"og:site_name\" content=\"Makroudh Kairouan \u00e0 Domicile\" \/>\n<meta property=\"article:modified_time\" content=\"2026-02-07T01:09:18+00:00\" \/>\n<meta property=\"og:image\" content=\"https:\/\/www.makroudhkairouan.tn\/wp-content\/uploads\/2019\/09\/light-pistache-1024x576.jpg\" \/>\n\t<meta property=\"og:image:width\" content=\"1024\" \/>\n\t<meta property=\"og:image:height\" content=\"576\" \/>\n\t<meta property=\"og:image:type\" content=\"image\/jpeg\" \/>\n<meta name=\"twitter:card\" content=\"summary_large_image\" \/>\n<script type=\"application\/ld+json\" class=\"yoast-schema-graph\">{\"@context\":\"https:\/\/schema.org\",\"@graph\":[{\"@type\":\"Organization\",\"@id\":\"https:\/\/www.makroudhkairouan.tn\/#organization\",\"name\":\"Makroudh Kairouan \u00e0 Domicile\",\"url\":\"https:\/\/www.makroudhkairouan.tn\/\",\"sameAs\":[],\"logo\":{\"@type\":\"ImageObject\",\"@id\":\"https:\/\/www.makroudhkairouan.tn\/#logo\",\"inLanguage\":\"fr-FR\",\"url\":\"https:\/\/www.makroudhkairouan.tn\/wp-content\/uploads\/2019\/05\/test2.png\",\"contentUrl\":\"https:\/\/www.makroudhkairouan.tn\/wp-content\/uploads\/2019\/05\/test2.png\",\"width\":320,\"height\":320,\"caption\":\"Makroudh Kairouan \u00e0 Domicile\"},\"image\":{\"@id\":\"https:\/\/www.makroudhkairouan.tn\/#logo\"}},{\"@type\":\"WebSite\",\"@id\":\"https:\/\/www.makroudhkairouan.tn\/#website\",\"url\":\"https:\/\/www.makroudhkairouan.tn\/\",\"name\":\"Makroudh Kairouan \u00e0 Domicile\",\"description\":\"Vente en ligne de Makroudh qualit\u00e9 de Kairouan \u00e0 Domicile en Tunisie\",\"publisher\":{\"@id\":\"https:\/\/www.makroudhkairouan.tn\/#organization\"},\"potentialAction\":[{\"@type\":\"SearchAction\",\"target\":{\"@type\":\"EntryPoint\",\"urlTemplate\":\"https:\/\/www.makroudhkairouan.tn\/?s={search_term_string}\"},\"query-input\":\"required name=search_term_string\"}],\"inLanguage\":\"fr-FR\"},{\"@type\":\"ImageObject\",\"@id\":\"https:\/\/www.makroudhkairouan.tn\/index.php\/produit\/makroudh-light-pistache-four-sans\/#primaryimage\",\"inLanguage\":\"fr-FR\",\"url\":\"https:\/\/www.makroudhkairouan.tn\/wp-content\/uploads\/2019\/09\/light-pistache.jpg\",\"contentUrl\":\"https:\/\/www.makroudhkairouan.tn\/wp-content\/uploads\/2019\/09\/light-pistache.jpg\",\"width\":5376,\"height\":3024,\"caption\":\"Makroudh light pistache\"},{\"@type\":\"WebPage\",\"@id\":\"https:\/\/www.makroudhkairouan.tn\/index.php\/produit\/makroudh-light-pistache-four-sans\/#webpage\",\"url\":\"https:\/\/www.makroudhkairouan.tn\/index.php\/produit\/makroudh-light-pistache-four-sans\/\",\"name\":\"Makroudh Light Pistache Four sans - Makroudh Kairouan \u00e0 Domicile\",\"isPartOf\":{\"@id\":\"https:\/\/www.makroudhkairouan.tn\/#website\"},\"primaryImageOfPage\":{\"@id\":\"https:\/\/www.makroudhkairouan.tn\/index.php\/produit\/makroudh-light-pistache-four-sans\/#primaryimage\"},\"datePublished\":\"2019-09-09T18:17:28+00:00\",\"dateModified\":\"2026-02-07T01:09:18+00:00\",\"description\":\"Makroudh Pistache cuit au four sans sucre avec semoule huile d'olive et sman\",\"breadcrumb\":{\"@id\":\"https:\/\/www.makroudhkairouan.tn\/index.php\/produit\/makroudh-light-pistache-four-sans\/#breadcrumb\"},\"inLanguage\":\"fr-FR\",\"potentialAction\":[{\"@type\":\"ReadAction\",\"target\":[\"https:\/\/www.makroudhkairouan.tn\/index.php\/produit\/makroudh-light-pistache-four-sans\/\"]}]},{\"@type\":\"BreadcrumbList\",\"@id\":\"https:\/\/www.makroudhkairouan.tn\/index.php\/produit\/makroudh-light-pistache-four-sans\/#breadcrumb\",\"itemListElement\":[{\"@type\":\"ListItem\",\"position\":1,\"name\":\"Accueil\",\"item\":\"https:\/\/www.makroudhkairouan.tn\/\"},{\"@type\":\"ListItem\",\"position\":2,\"name\":\"La Boutique makroudh\",\"item\":\"https:\/\/www.makroudhkairouan.tn\/index.php\/boutique\/\"},{\"@type\":\"ListItem\",\"position\":3,\"name\":\"Makroudh Light Pistache Four sans\"}]}]}<\/script>\n<!-- \/ Yoast SEO plugin. -->","yoast_head_json":{"title":"Makroudh Light Pistache Four sans - Makroudh Kairouan \u00e0 Domicile","description":"Makroudh Pistache cuit au four sans sucre avec semoule huile d'olive et sman","robots":{"index":"index","follow":"follow","max-snippet":"max-snippet:-1","max-image-preview":"max-image-preview:large","max-video-preview":"max-video-preview:-1"},"canonical":"https:\/\/www.makroudhkairouan.tn\/index.php\/produit\/makroudh-light-pistache-four-sans\/","og_locale":"fr_FR","og_type":"article","og_title":"Makroudh Light Pistache Four sans - Makroudh Kairouan \u00e0 Domicile","og_description":"Makroudh Pistache cuit au four sans sucre avec semoule huile d'olive et sman","og_url":"https:\/\/www.makroudhkairouan.tn\/index.php\/produit\/makroudh-light-pistache-four-sans\/","og_site_name":"Makroudh Kairouan \u00e0 Domicile","article_modified_time":"2026-02-07T01:09:18+00:00","og_image":[{"width":1024,"height":576,"url":"https:\/\/www.makroudhkairouan.tn\/wp-content\/uploads\/2019\/09\/light-pistache-1024x576.jpg","type":"image\/jpeg"}],"twitter_card":"summary_large_image","schema":{"@context":"https:\/\/schema.org","@graph":[{"@type":"Organization","@id":"https:\/\/www.makroudhkairouan.tn\/#organization","name":"Makroudh Kairouan \u00e0 Domicile","url":"https:\/\/www.makroudhkairouan.tn\/","sameAs":[],"logo":{"@type":"ImageObject","@id":"https:\/\/www.makroudhkairouan.tn\/#logo","inLanguage":"fr-FR","url":"https:\/\/www.makroudhkairouan.tn\/wp-content\/uploads\/2019\/05\/test2.png","contentUrl":"https:\/\/www.makroudhkairouan.tn\/wp-content\/uploads\/2019\/05\/test2.png","width":320,"height":320,"caption":"Makroudh Kairouan \u00e0 Domicile"},"image":{"@id":"https:\/\/www.makroudhkairouan.tn\/#logo"}},{"@type":"WebSite","@id":"https:\/\/www.makroudhkairouan.tn\/#website","url":"https:\/\/www.makroudhkairouan.tn\/","name":"Makroudh Kairouan \u00e0 Domicile","description":"Vente en ligne de Makroudh qualit\u00e9 de Kairouan \u00e0 Domicile en Tunisie","publisher":{"@id":"https:\/\/www.makroudhkairouan.tn\/#organization"},"potentialAction":[{"@type":"SearchAction","target":{"@type":"EntryPoint","urlTemplate":"https:\/\/www.makroudhkairouan.tn\/?s={search_term_string}"},"query-input":"required name=search_term_string"}],"inLanguage":"fr-FR"},{"@type":"ImageObject","@id":"https:\/\/www.makroudhkairouan.tn\/index.php\/produit\/makroudh-light-pistache-four-sans\/#primaryimage","inLanguage":"fr-FR","url":"https:\/\/www.makroudhkairouan.tn\/wp-content\/uploads\/2019\/09\/light-pistache.jpg","contentUrl":"https:\/\/www.makroudhkairouan.tn\/wp-content\/uploads\/2019\/09\/light-pistache.jpg","width":5376,"height":3024,"caption":"Makroudh light pistache"},{"@type":"WebPage","@id":"https:\/\/www.makroudhkairouan.tn\/index.php\/produit\/makroudh-light-pistache-four-sans\/#webpage","url":"https:\/\/www.makroudhkairouan.tn\/index.php\/produit\/makroudh-light-pistache-four-sans\/","name":"Makroudh Light Pistache Four sans - Makroudh Kairouan \u00e0 Domicile","isPartOf":{"@id":"https:\/\/www.makroudhkairouan.tn\/#website"},"primaryImageOfPage":{"@id":"https:\/\/www.makroudhkairouan.tn\/index.php\/produit\/makroudh-light-pistache-four-sans\/#primaryimage"},"datePublished":"2019-09-09T18:17:28+00:00","dateModified":"2026-02-07T01:09:18+00:00","description":"Makroudh Pistache cuit au four sans sucre avec semoule huile d'olive et sman","breadcrumb":{"@id":"https:\/\/www.makroudhkairouan.tn\/index.php\/produit\/makroudh-light-pistache-four-sans\/#breadcrumb"},"inLanguage":"fr-FR","potentialAction":[{"@type":"ReadAction","target":["https:\/\/www.makroudhkairouan.tn\/index.php\/produit\/makroudh-light-pistache-four-sans\/"]}]},{"@type":"BreadcrumbList","@id":"https:\/\/www.makroudhkairouan.tn\/index.php\/produit\/makroudh-light-pistache-four-sans\/#breadcrumb","itemListElement":[{"@type":"ListItem","position":1,"name":"Accueil","item":"https:\/\/www.makroudhkairouan.tn\/"},{"@type":"ListItem","position":2,"name":"La Boutique makroudh","item":"https:\/\/www.makroudhkairouan.tn\/index.php\/boutique\/"},{"@type":"ListItem","position":3,"name":"Makroudh Light Pistache Four sans"}]}]}},"_links":{"self":[{"href":"https:\/\/www.makroudhkairouan.tn\/index.php\/wp-json\/wp\/v2\/product\/4057"}],"collection":[{"href":"https:\/\/www.makroudhkairouan.tn\/index.php\/wp-json\/wp\/v2\/product"}],"about":[{"href":"https:\/\/www.makroudhkairouan.tn\/index.php\/wp-json\/wp\/v2\/types\/product"}],"replies":[{"embeddable":true,"href":"https:\/\/www.makroudhkairouan.tn\/index.php\/wp-json\/wp\/v2\/comments?post=4057"}],"wp:featuredmedia":[{"embeddable":true,"href":"https:\/\/www.makroudhkairouan.tn\/index.php\/wp-json\/wp\/v2\/media\/4058"}],"wp:attachment":[{"href":"https:\/\/www.makroudhkairouan.tn\/index.php\/wp-json\/wp\/v2\/media?parent=4057"}],"wp:term":[{"taxonomy":"product_cat","embeddable":true,"href":"https:\/\/www.makroudhkairouan.tn\/index.php\/wp-json\/wp\/v2\/product_cat?post=4057"},{"taxonomy":"product_tag","embeddable":true,"href":"https:\/\/www.makroudhkairouan.tn\/index.php\/wp-json\/wp\/v2\/product_tag?post=4057"}],"curies":[{"name":"wp","href":"https:\/\/api.w.org\/{rel}","templated":true}]}}